{"id":25,"date":"2020-01-11T19:50:25","date_gmt":"2020-01-11T19:50:25","guid":{"rendered":"http:\/\/webredox.net\/demo\/wp\/xen\/?page_id=25"},"modified":"2023-12-21T15:19:12","modified_gmt":"2023-12-21T14:19:12","slug":"about","status":"publish","type":"page","link":"https:\/\/labelpub.ma\/index.php\/about\/","title":{"rendered":"About"},"content":{"rendered":"<section class=\"wpb-content-wrapper\">[vc_row enable_full_height_sec=&#8221;st2&#8243; section_back_opt=&#8221;dark-bg-1&#8243; sec_text_color_opt=&#8221;text-color-4&#8243; row_padding_top=&#8221;top-padding-20&#8243; row_padding_bottom=&#8221;bottom-padding-20&#8243;][vc_column][vc_row_inner][vc_column_inner width=&#8221;4\/12&#8243;]<div data-animation-container  class=\"bottom-padding-60 text-left\"><h2 data-animation-child class=\"xen-sec-title-class title-style text-height-10 text-color-4 overlay-anim-box2\" data-animation=\"overlay-anim2\">Who We Are<\/h2><br><\/div>[\/vc_column_inner][vc_column_inner width=&#8221;8\/12&#8243;]<div data-animation-container><div data-animation-child class=\"p-style-bold text-color-5 text-left xen-textblock pull-left fade-anim-box tr-delay01\" data-animation=\"fade-anim\">Notre force r\u00e9side dans notre capacit\u00e9 \u00e0 int\u00e9grer la strat\u00e9gie commerciale \u00e0 la strat\u00e9gie de marque, cr\u00e9ant ainsi une synergie de solutions transparentes et puissantes qui g\u00e9n\u00e8re des r\u00e9sultats.<\/div><\/div>[\/vc_column_inner][\/vc_row_inner][vc_row_inner][vc_column_inner width=&#8221;1\/4&#8243;]<div data-animation-container  class=\"bottom-padding-10 text-left\"><h2 data-animation-child class=\"xen-sec-title-class title-style text-height-10 text-color-6 overlay-anim-box2\" data-animation=\"overlay-anim2\">BRAND UNIVERSE<\/h2><br><\/div><div data-animation-container><div data-animation-child class=\"p-style-small text-color-4 text-left xen-textblock pull-left fade-anim-box tr-delay01\" data-animation=\"fade-anim\">Nous nous efforcerons d&#8217;acqu\u00e9rir une solide compr\u00e9hension de vous, de votre march\u00e9, de votre concurrence et des tendances futures avant de commencer \u00e0 reconstituer tout le puzzle.<\/div><\/div>[\/vc_column_inner][vc_column_inner width=&#8221;1\/4&#8243;]<div data-animation-container  class=\"bottom-padding-10 text-left\"><h2 data-animation-child class=\"xen-sec-title-class title-style text-height-10 text-color-6 overlay-anim-box2\" data-animation=\"overlay-anim2\">STRATEGY<\/h2><br><\/div><div data-animation-container><div data-animation-child class=\"p-style-medium text-color-4 text-left xen-textblock pull-left fade-anim-box tr-delay01\" data-animation=\"fade-anim\">Une fois toutes les donn\u00e9es r\u00e9unies, la magie op\u00e8re en mettant en place une strat\u00e9gie solide permettant de nous distinguer des autres.<\/div><\/div>[\/vc_column_inner][vc_column_inner width=&#8221;1\/4&#8243;]<div data-animation-container  class=\"bottom-padding-10 text-left\"><h2 data-animation-child class=\"xen-sec-title-class title-style text-height-10 text-color-6 overlay-anim-box2\" data-animation=\"overlay-anim2\">CREATION<\/h2><br><\/div><div data-animation-container><div data-animation-child class=\"p-style-medium text-color-4 text-left xen-textblock pull-left fade-anim-box tr-delay01\" data-animation=\"fade-anim\">Nous cr\u00e9erons votre univers de marque avec une offre comp\u00e9titive pour stimuler la croissance et vous permettre de communiquer avec vos clients.<\/div><\/div>[\/vc_column_inner][vc_column_inner width=&#8221;1\/4&#8243;]<div data-animation-container  class=\"bottom-padding-10 text-left\"><h2 data-animation-child class=\"xen-sec-title-class title-style text-height-10 text-color-6 overlay-anim-box2\" data-animation=\"overlay-anim2\">DEPLOYMENT<\/h2><br><\/div><div data-animation-container><div data-animation-child class=\"p-style-medium text-color-4 text-left xen-textblock pull-left fade-anim-box tr-delay01\" data-animation=\"fade-anim\">Nous d\u00e9veloppons et testons votre marque et vos plateformes pour garantir que votre vision et vos valeurs se traduisent en une marque qui se d\u00e9marque.<\/div><\/div>[\/vc_column_inner][\/vc_row_inner][\/vc_column][\/vc_row][vc_row row_id=&#8221;row-team&#8221; section_back_opt=&#8221;dark-bg-2&#8243; sec_text_color_opt=&#8221;text-color-4&#8243; row_padding_bottom=&#8221;bottom-padding-60&#8243;][vc_column][vc_row_inner][vc_column_inner width=&#8221;1\/3&#8243;][wr_vc_titleani2s text_align=&#8221;text-left&#8221; text_color=&#8221;text-color-4&#8243; padding_bottom=&#8221;bottom-padding-50&#8243; sub_title=&#8221;Our Best Experts&#8221;][wr_vc_titleani2 title=&#8221;Team You&#8221; animation_delay=&#8221;01&#8243;][wr_vc_titleani2 title=&#8221;Want to&#8221; animation_delay=&#8221;02&#8243;][wr_vc_titleani2 title=&#8221;Work With&#8221; animation_delay=&#8221;03&#8243;][\/wr_vc_titleani2s][\/vc_column_inner][vc_column_inner width=&#8221;1\/3&#8243;]<div class=\"bottom-padding-60\"><a data-animation-container href=\"#0\" class=\"hover-box pointer-large d-block\"><div data-animation-child class=\"overlay-anim-box2 overlay-dark-bg-1 team-img-box\" data-animation=\"overlay-anim2\"><img class=\"hover-img\" src=\"https:\/\/labelpub.ma\/wp-content\/uploads\/2020\/01\/1-2.jpg\" alt=\"1\"><\/div><div class=\"team-content\"><h4 data-animation-child class=\"small-title-oswald text-color-4 hover-content fade-anim-box tr-delay01\" data-animation=\"fade-anim\">Balanchaev Balancha<\/h4><br><p data-animation-child class=\"p-letter-style text-color-4 hover-content fade-anim-box tr-delay02\" data-animation=\"fade-anim\">Web Designer<\/p><\/div><\/a><\/div>[\/vc_column_inner][vc_column_inner width=&#8221;1\/3&#8243;]<div class=\"bottom-padding-60\"><a data-animation-container href=\"#0\" class=\"hover-box pointer-large d-block\"><div data-animation-child class=\"overlay-anim-box2 overlay-dark-bg-1 team-img-box\" data-animation=\"overlay-anim2\"><img class=\"hover-img\" src=\"https:\/\/labelpub.ma\/wp-content\/uploads\/2020\/01\/2-1.jpg\" alt=\"2\"><\/div><div class=\"team-content\"><h4 data-animation-child class=\"small-title-oswald text-color-4 hover-content fade-anim-box tr-delay01\" data-animation=\"fade-anim\">James Basinski<\/h4><br><p data-animation-child class=\"p-letter-style text-color-4 hover-content fade-anim-box tr-delay02\" data-animation=\"fade-anim\">Graphic designer<\/p><\/div><\/a><\/div>[\/vc_column_inner][\/vc_row_inner][vc_row_inner][vc_column_inner width=&#8221;1\/3&#8243;]<div class=\"bottom-padding-60\"><a data-animation-container href=\"#0\" class=\"hover-box pointer-large d-block\"><div data-animation-child class=\"overlay-anim-box2 overlay-dark-bg-1 team-img-box\" data-animation=\"overlay-anim2\"><img class=\"hover-img\" src=\"https:\/\/labelpub.ma\/wp-content\/uploads\/2020\/01\/3-1.jpg\" alt=\"3\"><\/div><div class=\"team-content\"><h4 data-animation-child class=\"small-title-oswald text-color-4 hover-content fade-anim-box tr-delay01\" data-animation=\"fade-anim\">Steve Kong<\/h4><br><p data-animation-child class=\"p-letter-style text-color-4 hover-content fade-anim-box tr-delay02\" data-animation=\"fade-anim\">Art director<\/p><\/div><\/a><\/div>[\/vc_column_inner][vc_column_inner width=&#8221;1\/3&#8243;]<div class=\"bottom-padding-60\"><a data-animation-container href=\"#0\" class=\"hover-box pointer-large d-block\"><div data-animation-child class=\"overlay-anim-box2 overlay-dark-bg-1 team-img-box\" data-animation=\"overlay-anim2\"><img class=\"hover-img\" src=\"https:\/\/labelpub.ma\/wp-content\/uploads\/2020\/01\/4-1.jpg\" alt=\"4\"><\/div><div class=\"team-content\"><h4 data-animation-child class=\"small-title-oswald text-color-4 hover-content fade-anim-box tr-delay01\" data-animation=\"fade-anim\">Leila York<\/h4><br><p data-animation-child class=\"p-letter-style text-color-4 hover-content fade-anim-box tr-delay02\" data-animation=\"fade-anim\">Manager<\/p><\/div><\/a><\/div>[\/vc_column_inner][vc_column_inner width=&#8221;1\/3&#8243;]<div class=\"bottom-padding-60\"><a data-animation-container href=\"#0\" class=\"hover-box pointer-large d-block\"><div data-animation-child class=\"overlay-anim-box2 overlay-dark-bg-1 team-img-box\" data-animation=\"overlay-anim2\"><img class=\"hover-img\" src=\"https:\/\/labelpub.ma\/wp-content\/uploads\/2020\/01\/5-1.jpg\" alt=\"5\"><\/div><div class=\"team-content\"><h4 data-animation-child class=\"small-title-oswald text-color-4 hover-content fade-anim-box tr-delay01\" data-animation=\"fade-anim\">Balancha Balanchaevich<\/h4><br><p data-animation-child class=\"p-letter-style text-color-4 hover-content fade-anim-box tr-delay02\" data-animation=\"fade-anim\">web designer<\/p><\/div><\/a><\/div>[\/vc_column_inner][\/vc_row_inner][\/vc_column][\/vc_row][vc_row enable_container=&#8221;st2&#8243; menu_logo_opt=&#8221;st2&#8243; row_padding_bottom=&#8221;no-padding-bottom&#8221;][vc_column][vc_row_inner][vc_column_inner]<div data-animation-container  class=\"bottom-padding-30 text-center\"><h2 data-animation-child class=\"xen-sec-title-class large-title text-height-10 red-color overlay-anim-box2\" data-animation=\"overlay-anim2\">How we do it<\/h2><br><\/div><div data-animation-container><div data-animation-child class=\"p-style-medium text-color-0 text-center xen-textblock pull-left fade-anim-box tr-delay01\" data-animation=\"fade-anim\">Le processus engag\u00e9 dans compr\u00e9hension de votre univers et de votre entreprise est la cl\u00e9 de succ\u00e8s pour des solutions cr\u00e9atives qui atteignent l\u2019objectif final. Ce sont les 3 P de la strat\u00e9gie (purpose, personality and potential).<\/div><\/div>[\/vc_column_inner][\/vc_row_inner][vc_row_inner css=&#8221;.vc_custom_1697188905190{margin-top: 50px !important;}&#8221;][vc_column_inner width=&#8221;1\/3&#8243;]<h4 class=\"small-title-oswald red-color text-left bottom-padding-10\">PURPOSE<\/h4><div data-animation-container><div data-animation-child class=\"p-style-medium text-color-0 text-left xen-textblock pull-left fade-anim-box tr-delay02\" data-animation=\"fade-anim\">Pourquoi votre entreprise existe,\u00a0 elle sert \u00e0 quoi et \u00e0 qui et qu\u2019elle est sa contribution en terme de valeur ajout\u00e9e, Nous plongeons dans votre univers jusqu\u2019\u00e0\u00a0 en extraire l\u2019objectif et trouver par l\u00e0 le moyen optimal de vous connecter au c\u0153ur et \u00e0 l\u2019esprit de vos clients et employ\u00e9s. Ce sont les v\u00e9rit\u00e9s et les valeurs de marque qui se cachent derri\u00e8re toute entreprise prosp\u00e8re et qui en influencent la culture.<\/div><\/div>[\/vc_column_inner][vc_column_inner width=&#8221;1\/3&#8243;]<h4 class=\"small-title-oswald red-color text-left bottom-padding-10\">PERSONALITY<\/h4><div data-animation-container><div data-animation-child class=\"p-style-medium text-color-0 text-left xen-textblock pull-left fade-anim-box tr-delay02\" data-animation=\"fade-anim\">Qui \u00eates-vous r\u00e9ellement c\u2019est ce qui d\u00e9finit votre promesse. Qu\u2019est-ce qui vous distingue des autres ? Quels sont vos croyances? Avez-vous de la consid\u00e9ration pour vos clients internes et externes? Quel est votre destination ? La capacit\u00e9 de d\u00e9crire clairement la personnalit\u00e9 de votre entreprise, de mani\u00e8re inspirante et engageante, fait souvent la diff\u00e9rence entre se d\u00e9marquer ou se fondre dans la masse.<\/div><\/div>[\/vc_column_inner][vc_column_inner width=&#8221;1\/3&#8243;]<h4 class=\"small-title-oswald red-color text-left bottom-padding-10\">POTENTIEL<\/h4><div data-animation-container><div data-animation-child class=\"p-style-medium text-color-0 text-left xen-textblock pull-left fade-anim-box tr-delay02\" data-animation=\"fade-anim\">Comment communiquer efficacement sur vos atouts? Comment cr\u00e9er des produits et des services qui captent des cibles potentielles et les transforment en clients fid\u00e8les\u00a0? Combiner la strat\u00e9gie de marque et la strat\u00e9gie commerciale pour tout relier en parfaite harmonie afin d\u2019apporter des r\u00e9sultats tangibles c\u2019est tout simplement notre d\u00e9marche \u00e0 travers un panel de ressources talentueuses, cr\u00e9atives et expertes dans les domaines de la strat\u00e9gie, le design, le web, la 3D et le multim\u00e9dia..<\/div><\/div>[\/vc_column_inner][\/vc_row_inner][\/vc_column][\/vc_row][vc_row row_id=&#8221;row-slider&#8221; enable_container=&#8221;st3&#8243; menu_logo_opt=&#8221;st2&#8243; row_padding_top=&#8221;top-padding-60&#8243;][vc_column]<div class=\"about-slider bottom-padding-60\"><div class=\"swiper-wrapper\"><div class=\"swiper-slide\"><img src=\"https:\/\/labelpub.ma\/wp-content\/uploads\/2020\/01\/adult-bear-beautiful-792535.jpg\" alt=\"adult-bear-beautiful-792535\"><\/div><div class=\"swiper-slide\"><img src=\"https:\/\/labelpub.ma\/wp-content\/uploads\/2020\/01\/adult-brainstorming-business-1437908.jpg\" alt=\"adult-brainstorming-business-1437908\"><\/div><div class=\"swiper-slide\"><img src=\"https:\/\/labelpub.ma\/wp-content\/uploads\/2020\/01\/apple-brainstorming-business-908288.jpg\" alt=\"apple-brainstorming-business-908288\"><\/div><div class=\"swiper-slide\"><img src=\"https:\/\/labelpub.ma\/wp-content\/uploads\/2020\/01\/apple-computer-desk-159807.jpg\" alt=\"apple-computer-desk-159807\"><\/div><div class=\"swiper-slide\"><img src=\"https:\/\/labelpub.ma\/wp-content\/uploads\/2020\/01\/hands-indoors-man-1204001.jpg\" alt=\"hands-indoors-man-1204001\"><\/div><\/div><div class=\"swiper-button-next\">\n\t\t\t\t\t  \t<div class=\"slider-arrow-next-box\">\n\t\t\t\t\t\t  \t<span class=\"slider-arrow-next\"><\/span>\n\t\t\t\t\t  \t<\/div>\n\t\t\t\t  \t<\/div><!-- swiper-button-next end -->\n\t\t\t\t  \t<!-- swiper-button-prev start -->\n\t\t\t\t  \t<div class=\"swiper-button-prev\">\n\t\t\t\t\t  \t<div class=\"slider-arrow-prev-box\">\n\t\t\t\t\t\t  \t<span class=\"slider-arrow-prev\"><\/span>\n\t\t\t\t\t  \t<\/div>\n\t\t\t\t  \t<\/div><\/div>[\/vc_column][\/vc_row][vc_row row_id=&#8221;row-pricing&#8221; enable_container=&#8221;st2&#8243; section_back_opt=&#8221;dark-bg-1&#8243; sec_text_color_opt=&#8221;text-color-4&#8243; row_padding_bottom=&#8221;bottom-padding-30&#8243;][vc_column][vc_row_inner][vc_column_inner]<div data-animation-container  class=\"bottom-padding-60 text-center\"><h2 data-animation-child class=\"xen-sec-title-class large-title text-height-10 text-color-4 overlay-anim-box2\" data-animation=\"overlay-anim2\">Our Pricing<\/h2><br><p data-animation-child class=\"fade-anim-box tr-delay02 text-color-4 xsmall-title-oswald top-margin-5\" data-animation=\"fade-anim\">We Provide the Best Prices for Business<\/p><\/div>[\/vc_column_inner][\/vc_row_inner][vc_row_inner][vc_column_inner width=&#8221;1\/3&#8243;][wr_vc_pricing title=&#8221;Basic plan&#8221; price=&#8221;$100&#8243; period=&#8221;Per month&#8221; button_link=&#8221;#&#8221;][wr_vc_pricing_list animation_delay=&#8221;01&#8243;]Cred iceland[\/wr_vc_pricing_list][wr_vc_pricing_list animation_delay=&#8221;02&#8243;]quinoa palo[\/wr_vc_pricing_list][wr_vc_pricing_list animation_delay=&#8221;03&#8243;]santo polaroid[\/wr_vc_pricing_list][wr_vc_pricing_list animation_delay=&#8221;04&#8243;]Vinyl copper[\/wr_vc_pricing_list][wr_vc_pricing_list animation_delay=&#8221;05&#8243;]mug live-edge[\/wr_vc_pricing_list][wr_vc_pricing_list animation_delay=&#8221;06&#8243;]master cleanse[\/wr_vc_pricing_list][\/wr_vc_pricing][\/vc_column_inner][vc_column_inner width=&#8221;1\/3&#8243;][wr_vc_pricing title=&#8221;Standard plan&#8221; price=&#8221;$120&#8243; period=&#8221;Per month&#8221; button_text=&#8221;Sign Up&#8221; button_link=&#8221;#&#8221; active=&#8221;st2&#8243;][wr_vc_pricing_list animation_delay=&#8221;01&#8243;]Cred iceland[\/wr_vc_pricing_list][wr_vc_pricing_list animation_delay=&#8221;02&#8243;]quinoa palo[\/wr_vc_pricing_list][wr_vc_pricing_list animation_delay=&#8221;03&#8243;]santo polaroid[\/wr_vc_pricing_list][wr_vc_pricing_list animation_delay=&#8221;04&#8243;]Vinyl copper[\/wr_vc_pricing_list][wr_vc_pricing_list animation_delay=&#8221;05&#8243;]mug live-edge[\/wr_vc_pricing_list][wr_vc_pricing_list animation_delay=&#8221;06&#8243;]master cleanse[\/wr_vc_pricing_list][\/wr_vc_pricing][\/vc_column_inner][vc_column_inner width=&#8221;1\/3&#8243;][wr_vc_pricing title=&#8221;Extended plan&#8221; price=&#8221;$150&#8243; period=&#8221;Per month&#8221; button_text=&#8221;Sign up&#8221; button_link=&#8221;#&#8221;][wr_vc_pricing_list animation_delay=&#8221;01&#8243;]Cred iceland[\/wr_vc_pricing_list][wr_vc_pricing_list animation_delay=&#8221;02&#8243;]quinoa palo[\/wr_vc_pricing_list][wr_vc_pricing_list animation_delay=&#8221;03&#8243;]santo polaroid[\/wr_vc_pricing_list][wr_vc_pricing_list animation_delay=&#8221;04&#8243;]Vinyl copper[\/wr_vc_pricing_list][wr_vc_pricing_list animation_delay=&#8221;05&#8243;]mug live-edge[\/wr_vc_pricing_list][wr_vc_pricing_list animation_delay=&#8221;06&#8243;]master cleanse[\/wr_vc_pricing_list][\/wr_vc_pricing][\/vc_column_inner][\/vc_row_inner][\/vc_column][\/vc_row][vc_row row_id=&#8221;row-testimonial&#8221; enable_container=&#8221;st2&#8243; section_back_opt=&#8221;light-bg-2&#8243; menu_logo_opt=&#8221;st2&#8243;][vc_column][wr_vc_testimonials][wr_vc_testimonial clientname=&#8221;Balanchaev Balancha&#8221; designation=&#8221;Investor&#8221; image=&#8221;52&#8243;]Copper mug vexillologist +1 prism iPhone fashion axe portland. Hella quinoa woke blog af umami tacos freegan vinyl snackwave microdosing. Fanny pack direct trade XOXO drinking vinegar. Live-edge kinfolk master cleanse brooklyn meh organic man braid. Actually humblebrag sriracha authentic chia. IPhone glossier schlitz fam, la croix keytar retro offal. Artisan selfies mlkshk pinterest gastropub knausgaard live-edge.[\/wr_vc_testimonial][wr_vc_testimonial clientname=&#8221;Fred Kinney&#8221; designation=&#8221;Designer&#8221; image=&#8221;53&#8243;]Bushwick tumeric slow-carb photo booth letterpress franzen kombucha tumblr listicle cronut waistcoat mustache. Jean shorts tilde swag cray. Microdosing heirloom wayfarers YOLO, church-key tattooed cred blue bottle viral lyft tacos retro. Bespoke drinking vinegar single-origin coffee pop-up, whatever air plant austin hexagon selfies tattooed. Fixie taxidermy forage hot chicken, locavore church-key authentic coloring book.[\/wr_vc_testimonial][wr_vc_testimonial clientname=&#8221;Steve Kong&#8221; designation=&#8221;Web developer&#8221; image=&#8221;54&#8243;]Pitchfork vaporware hella, vice next level art party subway tile swag portland. Cliche authentic photo booth, seitan sartorial iPhone brooklyn bicycle rights whatever small batch selvage affogato yuccie adaptogen vinyl. Sartorial franzen tacos cardigan, offal gluten-free pour-over snackwave plaid four dollar toast. Messenger bag keffiyeh church-key, synth iPhone pabst leggings ethical. PBR&amp;B cred hot chicken pork belly.[\/wr_vc_testimonial][wr_vc_testimonial clientname=&#8221;Balanchaev Balancha&#8221; designation=&#8221;Investor&#8221; image=&#8221;56&#8243;]Chambray enamel pin synth shabby chic palo santo. Franzen 90&#8217;s man bun wayfarers, put a bird on it twee four loko roof party shabby chic kale chips photo booth salvia mixtape lumbersexual. Pug kickstarter hammock unicorn, cardigan ennui celiac roof party. Ramps pitchfork direct trade, food truck tacos biodiesel craft beer. Af hammock listicle vape banjo echo park meditation organic cred subway tile. Echo park DIY.[\/wr_vc_testimonial][wr_vc_testimonial clientname=&#8221;Fred Kinney&#8221; designation=&#8221;Designer&#8221; image=&#8221;57&#8243;]Pok pok authentic fashion axe, vegan venmo leggings raclette tousled twee tattooed. Banh mi humblebrag hammock tacos fashion axe aesthetic vegan sustainable taiyaki thundercats jean shorts tousled cloud bread waistcoat kogi. Cloud bread cardigan messenger bag raw denim swag drinking vinegar. Yuccie jianbing bespoke retro, photo booth salvia hella meh post-ironic cornhole tacos plaid.[\/wr_vc_testimonial][\/wr_vc_testimonials][\/vc_column][\/vc_row]\n<\/section>","protected":false},"excerpt":{"rendered":"<p>[vc_row enable_full_height_sec=&#8221;st2&#8243; section_back_opt=&#8221;dark-bg-1&#8243; sec_text_color_opt=&#8221;text-color-4&#8243; row_padding_top=&#8221;top-padding-20&#8243; row_padding_bottom=&#8221;bottom-padding-20&#8243;][vc_column][vc_row_inner][vc_column_inner width=&#8221;4\/12&#8243;][\/vc_column_inner][vc_column_inner width=&#8221;8\/12&#8243;][\/vc_column_inner][\/vc_row_inner][vc_row_inner][vc_column_inner width=&#8221;1\/4&#8243;][\/vc_column_inner][vc_column_inner width=&#8221;1\/4&#8243;][\/vc_column_inner][vc_column_inner width=&#8221;1\/4&#8243;][\/vc_column_inner][vc_column_inner width=&#8221;1\/4&#8243;][\/vc_column_inner][\/vc_row_inner][\/vc_column][\/vc_row][vc_row row_id=&#8221;row-team&#8221; section_back_opt=&#8221;dark-bg-2&#8243; sec_text_color_opt=&#8221;text-color-4&#8243; row_padding_bottom=&#8221;bottom-padding-60&#8243;][vc_column][vc_row_inner][vc_column_inner width=&#8221;1\/3&#8243;][wr_vc_titleani2s text_align=&#8221;text-left&#8221; text_color=&#8221;text-color-4&#8243; padding_bottom=&#8221;bottom-padding-50&#8243; sub_title=&#8221;Our Best&#8230;<\/p>\n","protected":false},"author":1,"featured_media":932,"parent":0,"menu_order":0,"comment_status":"closed","ping_status":"closed","template":"","meta":{"footnotes":""},"_links":{"self":[{"href":"https:\/\/labelpub.ma\/index.php\/wp-json\/wp\/v2\/pages\/25"}],"collection":[{"href":"https:\/\/labelpub.ma\/index.php\/wp-json\/wp\/v2\/pages"}],"about":[{"href":"https:\/\/labelpub.ma\/index.php\/wp-json\/wp\/v2\/types\/page"}],"author":[{"embeddable":true,"href":"https:\/\/labelpub.ma\/index.php\/wp-json\/wp\/v2\/users\/1"}],"replies":[{"embeddable":true,"href":"https:\/\/labelpub.ma\/index.php\/wp-json\/wp\/v2\/comments?post=25"}],"version-history":[{"count":31,"href":"https:\/\/labelpub.ma\/index.php\/wp-json\/wp\/v2\/pages\/25\/revisions"}],"predecessor-version":[{"id":919,"href":"https:\/\/labelpub.ma\/index.php\/wp-json\/wp\/v2\/pages\/25\/revisions\/919"}],"wp:featuredmedia":[{"embeddable":true,"href":"https:\/\/labelpub.ma\/index.php\/wp-json\/wp\/v2\/media\/932"}],"wp:attachment":[{"href":"https:\/\/labelpub.ma\/index.php\/wp-json\/wp\/v2\/media?parent=25"}],"curies":[{"name":"wp","href":"https:\/\/api.w.org\/{rel}","templated":true}]}}