{"id":467,"date":"2020-01-11T19:36:13","date_gmt":"2020-01-11T18:36:13","guid":{"rendered":"http:\/\/webredox.net\/demo\/wp\/xen\/?page_id=12"},"modified":"2024-01-03T15:28:48","modified_gmt":"2024-01-03T14:28:48","slug":"home","status":"publish","type":"page","link":"https:\/\/labelpub.ma\/","title":{"rendered":"Home"},"content":{"rendered":"<section class=\"wpb-content-wrapper\">[vc_row enable_container=&#8221;st2&#8243; enable_full_height_sec=&#8221;st2&#8243; section_back_opt=&#8221;dark-bg-1&#8243; sec_text_color_opt=&#8221;text-color-5&#8243;][vc_column][vc_row_inner][vc_column_inner][wr_vc_titles title_style=&#8221;large-title&#8221; padding_bottom=&#8221;bottom-padding-0&#8243;][wr_vc_title title=&#8221;Who are our&#8221; animation_delay=&#8221;01&#8243;][wr_vc_title title=&#8221;customers&#8221; animation_delay=&#8221;02&#8243;][\/wr_vc_titles][\/vc_column_inner][\/vc_row_inner][vc_row_inner][vc_column_inner css=&#8221;.vc_custom_1696816494915{margin-top: 50px !important;}&#8221;]<div data-animation-container><div data-animation-child class=\"p-style-medium text-color-5 text-center xen-textblock pull-left fade-anim-box tr-delay02\" data-animation=\"fade-anim\">Nous saisissons toute opportunit\u00e9 de vision d\u2019un projet individuel ou appartenant \u00e0 un groupe de personnes et la fa\u00e7onnons pour en faire une marque qui se d\u00e9marque et en assurer le succ\u00e8s<\/div><\/div>[\/vc_column_inner][\/vc_row_inner][vc_row_inner][vc_column_inner width=&#8221;1\/3&#8243;]<div data-animation-container><div data-animation-child class=\"p-style-medium text-color-5 text-left xen-textblock pull-left fade-anim-box tr-delay02\" data-animation=\"fade-anim\">\n<h2 style=\"font-size: 20px; text-color: #ffffff;\">UNE PERSONNE OU UN INDIVIDU<\/h2>\n<p>Qu\u2019il s\u2019agisse d\u2019un auteur d\u2019un influenceur ou d\u2019un consultants et experts ind\u00e9pendants, nous assurons une bonne connexion entre eux et leurs clients.<\/div><\/div>[\/vc_column_inner][vc_column_inner width=&#8221;1\/3&#8243;]<div data-animation-container><div data-animation-child class=\"p-style-medium text-color-5 text-left xen-textblock pull-left fade-anim-box tr-delay03\" data-animation=\"fade-anim\">\n<h2 style=\"font-size: 20px;\">START-UPS<\/h2>\n<p>Nous adorons accompagner les start-ups au d\u00e9marrage, du stade de l\u2019id\u00e9e ou en pleine croissance, nos concentrons nos efforts sur votre avenir.<\/div><\/div>[\/vc_column_inner][vc_column_inner width=&#8221;1\/3&#8243;]<div data-animation-container><div data-animation-child class=\"p-style-medium text-color-5 text-left xen-textblock pull-left fade-anim-box tr-delay03\" data-animation=\"fade-anim\">\n<h2 style=\"font-size: 20px;\">ENTREPRISES<\/h2>\n<p>Nous accompagnons des entit\u00e9s publiques, semi-publiques, bailleurs de fonds et associations, anim\u00e9es de chalenges et d\u2019une richesse d&#8217;expertise\u00a0\u00e0\u00a0exploiter.<\/div><\/div>[\/vc_column_inner][\/vc_row_inner][vc_row_inner disable_element=&#8221;yes&#8221;][vc_column_inner]<div data-animation-container><div data-animation-child class=\"p-letter-style text-color-4 text-center xen-textblock pull-left fade-anim-box tr-delay04\" data-animation=\"fade-anim\">Branding, Marketing &amp; Digital<\/div><\/div>[\/vc_column_inner][\/vc_row_inner][\/vc_column][\/vc_row][vc_row enable_container=&#8221;st3&#8243; menu_logo_opt=&#8221;st2&#8243; row_padding_bottom=&#8221;bottom-padding-30&#8243;][vc_column][vc_row_inner][vc_column_inner]<div data-animation-container  class=\"bottom-padding-50 text-center\"><h2 data-animation-child class=\"xen-sec-title-class large-title text-height-10 text-color-0 overlay-anim-box2\" data-animation=\"overlay-anim2\">Recent Works<\/h2><br><p data-animation-child class=\"fade-anim-box tr-delay02 text-color-0 xsmall-title-oswald top-margin-5\" data-animation=\"fade-anim\">We Offer Digital Solutions<\/p><\/div>[\/vc_column_inner][\/vc_row_inner][vc_row_inner][vc_column_inner]<div class=\"isotope-items-wrap no-hide-last loadmore-wrapper\" data-load-item=\"4\" data-button-text=\"Load More\"><div class=\"grid-sizer\"><\/div><div class=\"bottom-padding-90 bottom-padding-mb-60 isotope-item pull-left\"><div class=\"portfolio-content flex-min-height-box\"><div class=\"portfolio-content-inner flex-min-height-inner\"><div class=\"flex-container reverse container small\"><div class=\"six-columns top-padding-60\"><a href=\"https:\/\/labelpub.ma\/index.php\/portfolio\/bushwick-selfies-pork-belly-lyft-brooklyn-messeng-2\/\" class=\"portfolio-content-bg-box pointer-large hover-box hidden-box animsition-link\">\n\t\t\t\t<div class=\"portfolio-content-bg  hover-img overlay-anim-box2 overlay-dark-bg-2\" data-animation=\"overlay-anim2\" style=\"background-image:url(https:\/\/labelpub.ma\/wp-content\/uploads\/2020\/01\/Labelpub-scan-image-website.jpg)\"><\/div>\n\t\t\t\t<\/a><\/div><div data-animation-container class=\"six-columns\"><div class=\"content-left-margin-40\"><span class=\"small-title-oswald red-color overlay-anim-box2\" data-animation=\"overlay-anim2\">UI\/UX  <\/span><h3 class=\"title-style text-color-1\"><span data-animation-child class=\"overlay-anim-box2 overlay-dark-bg-2 tr-delay01\" data-animation=\"overlay-anim2\">APPLICATION MOBILE<\/span><br><span data-animation-child class=\"overlay-anim-box2 overlay-dark-bg-2 tr-delay02\" data-animation=\"overlay-anim2\">CONTROLE D&#039;ACC\u00c8S <\/span><br><\/h3><div class=\"clear\"><\/div><p data-animation-child class=\"p-style-small text-color-2 fade-anim-box tr-delay04\" data-animation=\"fade-anim\">[vc_row enable_container=&#8221;st2&#8243; enable_full_height_sec=&#8221;st2&#8243; section_back_opt=&#8221;dark-bg-1&#8243; sec_text_color_opt=&#8221;text-color-4&#8243; row_padding_bottom=&#8221;bottom-padding-60&#8243;][vc_column width=&#8221;4\/12&#8243;][wr_vc_lists text_color=&#8221;text-color-4&#8243; font_style=&#8221;xsmall-title-oswald&#8221; top_padding=&#8221;top-padding-0&#8243;][wr_vc_list text_color=&#8221;text-color-4&#8243;]User Interface[\/wr_vc_list][wr_vc_list text_color=&#8221;text-color-4&#8243;]Media Promotion[\/wr_vc_list][wr_vc_list text_color=&#8221;text-color-4&#8243;]SEO &amp; Marketing[\/wr_vc_list][wr_vc_list text_color=&#8221;text-color-4&#8243;]User Experience[\/wr_vc_list][wr_vc_list text_color=&#8221;text-color-4&#8243;]Digital Branding[\/wr_vc_list][wr_vc_list text_color=&#8221;text-color-4&#8243;]Creative...<\/p><div class=\"clear\"><\/div><div data-animation-child class=\"arrow-btn-box top-margin-30 fade-anim-box tr-delay05\" data-animation=\"fade-anim\">\n\t\t\t<a href=\"https:\/\/labelpub.ma\/index.php\/portfolio\/bushwick-selfies-pork-belly-lyft-brooklyn-messeng-2\/\" class=\"arrow-btn pointer-large animsition-link\">Read More<\/a>\n\t\t\t<\/div><\/div><\/div><\/div><\/div><\/div><\/div><div class=\"bottom-padding-90 bottom-padding-mb-60 isotope-item pull-left\"><div class=\"portfolio-content flex-min-height-box\"><div class=\"portfolio-content-inner flex-min-height-inner\"><div class=\"flex-container container small\"><div data-animation-container class=\"six-columns\"><div class=\"content-right-margin-40\"><span class=\"small-title-oswald red-color overlay-anim-box2\" data-animation=\"overlay-anim2\">BRANDING  <\/span><h3 class=\"title-style text-color-1\"><span data-animation-child class=\"overlay-anim-box2 overlay-dark-bg-2 tr-delay03\" data-animation=\"overlay-anim2\">BRANDING<\/span><br><span data-animation-child class=\"overlay-anim-box2 overlay-dark-bg-2 tr-delay03\" data-animation=\"overlay-anim2\">RESTAURANT<\/span><br><\/h3><p data-animation-child class=\"p-style-small text-color-2 fade-anim-box tr-delay04\" data-animation=\"fade-anim\">[vc_row enable_container=&#8221;st2&#8243; enable_full_height_sec=&#8221;st2&#8243; section_back_opt=&#8221;dark-bg-1&#8243; sec_text_color_opt=&#8221;text-color-4&#8243; row_padding_bottom=&#8221;bottom-padding-60&#8243;][vc_column width=&#8221;4\/12&#8243;][wr_vc_lists text_color=&#8221;text-color-4&#8243; font_style=&#8221;xsmall-title-oswald&#8221; top_padding=&#8221;top-padding-0&#8243;][wr_vc_list text_color=&#8221;text-color-4&#8243;]Media Promotion[\/wr_vc_list][wr_vc_list text_color=&#8221;text-color-4&#8243;]User Interface[\/wr_vc_list][wr_vc_list text_color=&#8221;text-color-4&#8243;]SEO &amp; Marketing[\/wr_vc_list][wr_vc_list text_color=&#8221;text-color-4&#8243;]User Experience[\/wr_vc_list][wr_vc_list text_color=&#8221;text-color-4&#8243;]Digital Branding[\/wr_vc_list][wr_vc_list text_color=&#8221;text-color-4&#8243;]Creative...<\/p><div data-animation-child class=\"arrow-btn-box top-margin-30 fade-anim-box tr-delay05\" data-animation=\"fade-anim\">\n\t\t\t<a href=\"https:\/\/labelpub.ma\/index.php\/portfolio\/tumeric-tumblr-gluten-free-man-bun-small-2\/\" class=\"arrow-btn pointer-large animsition-link\">Read More<\/a>\n\t\t\t<\/div><\/div><\/div><div class=\"six-columns top-padding-60\"><a href=\"https:\/\/labelpub.ma\/index.php\/portfolio\/tumeric-tumblr-gluten-free-man-bun-small-2\/\" class=\"portfolio-content-bg-box pointer-large hover-box hidden-box animsition-link\">\n\t\t\t\t<div class=\"portfolio-content-bg  hover-img overlay-anim-box2 overlay-dark-bg-2\" data-animation=\"overlay-anim2\" style=\"background-image:url(https:\/\/labelpub.ma\/wp-content\/uploads\/2020\/01\/WhatsApp-Image-2023-12-20-a-09.54.46_cf92513d.jpg)\"><\/div>\n\t\t\t\t<\/a><\/div><\/div><\/div><\/div><\/div><div class=\"bottom-padding-90 bottom-padding-mb-60 isotope-item pull-left\"><div class=\"portfolio-content flex-min-height-box\"><div class=\"portfolio-content-inner flex-min-height-inner\"><div class=\"flex-container reverse container small\"><div class=\"six-columns top-padding-60\"><a href=\"https:\/\/labelpub.ma\/index.php\/portfolio\/batch-kombucha-subway-tile-salvia-brooklyn\/\" class=\"portfolio-content-bg-box pointer-large hover-box hidden-box animsition-link\">\n\t\t\t\t<div class=\"portfolio-content-bg  hover-img overlay-anim-box2 overlay-dark-bg-2\" data-animation=\"overlay-anim2\" style=\"background-image:url(https:\/\/labelpub.ma\/wp-content\/uploads\/2020\/01\/WhatsApp-Image-2023-12-20-a-09.40.41_4c3f2f9c.jpg)\"><\/div>\n\t\t\t\t<\/a><\/div><div data-animation-container class=\"six-columns\"><div class=\"content-left-margin-40\"><span class=\"small-title-oswald red-color overlay-anim-box2\" data-animation=\"overlay-anim2\">MARKETING  <\/span><h3 class=\"title-style text-color-1\"><span data-animation-child class=\"overlay-anim-box2 overlay-dark-bg-2 tr-delay01\" data-animation=\"overlay-anim2\">STRATEGIE MARKETING<\/span><br><span data-animation-child class=\"overlay-anim-box2 overlay-dark-bg-2 tr-delay02\" data-animation=\"overlay-anim2\">NOUVELLE MARQUE<\/span><br><\/h3><div class=\"clear\"><\/div><p data-animation-child class=\"p-style-small text-color-2 fade-anim-box tr-delay04\" data-animation=\"fade-anim\">[vc_row enable_container=&#8221;st2&#8243; enable_full_height_sec=&#8221;st2&#8243; section_back_opt=&#8221;dark-bg-1&#8243; sec_text_color_opt=&#8221;text-color-4&#8243; row_padding_bottom=&#8221;bottom-padding-60&#8243;][vc_column width=&#8221;4\/12&#8243;][wr_vc_lists text_color=&#8221;text-color-4&#8243; font_style=&#8221;xsmall-title-oswald&#8221; top_padding=&#8221;top-padding-0&#8243;][wr_vc_list text_color=&#8221;text-color-4&#8243;]User Interface[\/wr_vc_list][wr_vc_list text_color=&#8221;text-color-4&#8243;]Media Promotion[\/wr_vc_list][wr_vc_list text_color=&#8221;text-color-4&#8243;]SEO &amp; Marketing[\/wr_vc_list][wr_vc_list text_color=&#8221;text-color-4&#8243;]User Experience[\/wr_vc_list][wr_vc_list text_color=&#8221;text-color-4&#8243;]Digital Branding[\/wr_vc_list][wr_vc_list text_color=&#8221;text-color-4&#8243;]Creative...<\/p><div class=\"clear\"><\/div><div data-animation-child class=\"arrow-btn-box top-margin-30 fade-anim-box tr-delay05\" data-animation=\"fade-anim\">\n\t\t\t<a href=\"https:\/\/labelpub.ma\/index.php\/portfolio\/batch-kombucha-subway-tile-salvia-brooklyn\/\" class=\"arrow-btn pointer-large animsition-link\">Read More<\/a>\n\t\t\t<\/div><\/div><\/div><\/div><\/div><\/div><\/div><div class=\"bottom-padding-90 bottom-padding-mb-60 isotope-item pull-left\"><div class=\"portfolio-content flex-min-height-box\"><div class=\"portfolio-content-inner flex-min-height-inner\"><div class=\"flex-container container small\"><div data-animation-container class=\"six-columns\"><div class=\"content-right-margin-40\"><span class=\"small-title-oswald red-color overlay-anim-box2\" data-animation=\"overlay-anim2\">DIGITAL  <\/span><h3 class=\"title-style text-color-1\"><span data-animation-child class=\"overlay-anim-box2 overlay-dark-bg-2 tr-delay01\" data-animation=\"overlay-anim2\">EVENEMENT<\/span><br><span data-animation-child class=\"overlay-anim-box2 overlay-dark-bg-2 tr-delay02\" data-animation=\"overlay-anim2\">SALON VIRTUEL<\/span><br><\/h3><p data-animation-child class=\"p-style-small text-color-2 fade-anim-box tr-delay04\" data-animation=\"fade-anim\">[vc_row enable_container=&#8221;st2&#8243; enable_full_height_sec=&#8221;st2&#8243; section_back_opt=&#8221;dark-bg-1&#8243; sec_text_color_opt=&#8221;text-color-4&#8243; row_padding_bottom=&#8221;bottom-padding-60&#8243;][vc_column width=&#8221;4\/12&#8243;][wr_vc_lists text_color=&#8221;text-color-4&#8243; font_style=&#8221;xsmall-title-oswald&#8221; top_padding=&#8221;top-padding-0&#8243;][wr_vc_list text_color=&#8221;text-color-4&#8243;]User Interface[\/wr_vc_list][wr_vc_list text_color=&#8221;text-color-4&#8243;]Media Promotion[\/wr_vc_list][wr_vc_list text_color=&#8221;text-color-4&#8243;]SEO &amp; Marketing[\/wr_vc_list][wr_vc_list text_color=&#8221;text-color-4&#8243;]User Experience[\/wr_vc_list][wr_vc_list text_color=&#8221;text-color-4&#8243;]Digital Branding[\/wr_vc_list][wr_vc_list text_color=&#8221;text-color-4&#8243;]Creative...<\/p><div data-animation-child class=\"arrow-btn-box top-margin-30 fade-anim-box tr-delay05\" data-animation=\"fade-anim\">\n\t\t\t<a href=\"https:\/\/labelpub.ma\/index.php\/portfolio\/organic-activated-charcoal-vape-viral-ennui-2\/\" class=\"arrow-btn pointer-large animsition-link\">Read More<\/a>\n\t\t\t<\/div><\/div><\/div><div class=\"six-columns top-padding-60\"><a href=\"https:\/\/labelpub.ma\/index.php\/portfolio\/organic-activated-charcoal-vape-viral-ennui-2\/\" class=\"portfolio-content-bg-box pointer-large hover-box hidden-box animsition-link\">\n\t\t\t\t<div class=\"portfolio-content-bg  hover-img overlay-anim-box2 overlay-dark-bg-2\" data-animation=\"overlay-anim2\" style=\"background-image:url(https:\/\/labelpub.ma\/wp-content\/uploads\/2020\/01\/Evenement-virtuel-labelpub-min.gif)\"><\/div>\n\t\t\t\t<\/a><\/div><\/div><\/div><\/div><\/div><\/div>[\/vc_column_inner][\/vc_row_inner][\/vc_column][\/vc_row][vc_row row_id=&#8221;clients&#8221; enable_container=&#8221;st2&#8243; section_back_opt=&#8221;dark-bg-2&#8243; sec_text_color_opt=&#8221;text-color-4&#8243;][vc_column][vc_row_inner][vc_column_inner][wr_vc_titles text_align=&#8221;text-left&#8221; title_style=&#8221;medium-title&#8221; padding_bottom=&#8221;bottom-padding-0&#8243;][wr_vc_title title=&#8221;Fine Folks&#8221; animation_delay=&#8221;01&#8243;][wr_vc_title title=&#8221;We\u2019ve Worked&#8221; animation_delay=&#8221;02&#8243;][wr_vc_title title=&#8221;With&#8221; animation_delay=&#8221;03&#8243;][\/wr_vc_titles][\/vc_column_inner][\/vc_row_inner][wr_vc_clients class=&#8221;test-class&#8221;][wr_vc_client button_url=&#8221;#&#8221; image=&#8221;640&#8243; image_hover=&#8221;808&#8243;][wr_vc_client button_url=&#8221;#&#8221; image=&#8221;630&#8243; image_hover=&#8221;803&#8243;][wr_vc_client button_url=&#8221;#&#8221; image=&#8221;638&#8243; image_hover=&#8221;807&#8243;][wr_vc_client button_url=&#8221;#&#8221; image=&#8221;636&#8243; image_hover=&#8221;806&#8243;][wr_vc_client button_url=&#8221;#&#8221; image=&#8221;634&#8243; image_hover=&#8221;805&#8243;][wr_vc_client button_url=&#8221;#&#8221; image=&#8221;632&#8243; image_hover=&#8221;804&#8243;][wr_vc_client button_url=&#8221;#&#8221; image=&#8221;628&#8243; image_hover=&#8221;802&#8243;][wr_vc_client button_url=&#8221;#&#8221; image=&#8221;626&#8243; image_hover=&#8221;801&#8243;][wr_vc_client button_url=&#8221;#&#8221; image=&#8221;622&#8243; image_hover=&#8221;799&#8243;][wr_vc_client button_url=&#8221;#&#8221; image=&#8221;620&#8243; image_hover=&#8221;798&#8243;][wr_vc_client button_url=&#8221;#&#8221; image=&#8221;646&#8243; image_hover=&#8221;811&#8243;][wr_vc_client_blank data_title_1=&#8221;This spot&#8221; data_title_2=&#8221;Awaits&#8221; data_title_3=&#8221;You&#8221;][\/wr_vc_clients][\/vc_column][\/vc_row][vc_row enable_container=&#8221;st2&#8243; section_back_opt=&#8221;light-bg-2&#8243; menu_logo_opt=&#8221;st2&#8243;][vc_column][wr_vc_testimonials][wr_vc_testimonial clientname=&#8221;APPLICATION WEB&#8221; image=&#8221;820&#8243;]Nous concevons nos solutions pour qu\u2019elles soient simples, mais tr\u00e8s flexibles.[\/wr_vc_testimonial][wr_vc_testimonial clientname=&#8221;Photo-vid\u00e9o&#8221; image=&#8221;821&#8243;]Un d\u00e9partement photo vid\u00e9o dot\u00e9 des derni\u00e8res technologie\u2026.. pour faire de votre identit\u00e9 une marque qui se d\u00e9marque.[\/wr_vc_testimonial][wr_vc_testimonial clientname=&#8221;Gestion RS&#8221; image=&#8221;552&#8243;]Les r\u00e9seaux sociaux n\u2019ont pas de secrets pour nous, tant sur les strat\u00e9gies de contenu que sur la gestion, l\u2019animation ou la mod\u00e9ration de vos r\u00e9seaux sociaux.[\/wr_vc_testimonial][wr_vc_testimonial clientname=&#8221;Sites Web&#8221; image=&#8221;813&#8243;]Le but est de proposer \u00e0 nos clients un site sur-mesure original, performant et surtout tr\u00e8s simple d\u2019utilisation.[\/wr_vc_testimonial][wr_vc_testimonial clientname=&#8221;Agencement et Am\u00e9nagement&#8221; image=&#8221;815&#8243;]Notre expertise en designs innovants nous a permis d\u2019accompagner nos partenaires au niveau de diff\u00e9rents secteurs.[\/wr_vc_testimonial][wr_vc_testimonial clientname=&#8221;Branding&#8221; image=&#8221;553&#8243;]De l\u2019audit de marque aux normes graphiques en passant par la strat\u00e9gie de positionnement, nous mettons en place des strat\u00e9gies de marque.[\/wr_vc_testimonial][\/wr_vc_testimonials][\/vc_column][\/vc_row][vc_row row_type=&#8221;sec2&#8243; row_id=&#8221;row-video&#8221; xen_background_image=&#8221;59&#8243; enable_container_back_img=&#8221;st3&#8243; sec_text_color_opt=&#8221;text-color-4&#8243; row_padding_top=&#8221;no-padding-top&#8221; row_padding_bottom=&#8221;no-padding-bottom&#8221;][vc_column]<a href=\"\/\/www.youtube.com\/watch?v=9TGlc0Fufgk\" class=\"video-play-button popup-youtube pointer-large no-animation\">\n\t\t\t\t\t<span><\/span>\n\t\t\t\t<\/a>[\/vc_column][\/vc_row][vc_row row_id=&#8221;row-blog&#8221; menu_logo_opt=&#8221;st2&#8243; row_padding_bottom=&#8221;bottom-padding-30&#8243;][vc_column][vc_row_inner][vc_column_inner]<div data-animation-container  class=\"bottom-padding-0 text-center\"><h2 data-animation-child class=\"xen-sec-title-class large-title text-height-10 text-color-0 overlay-anim-box2\" data-animation=\"overlay-anim2\">From the blog<\/h2><br><p data-animation-child class=\"fade-anim-box tr-delay02 text-color-0 xsmall-title-oswald top-margin-5\" data-animation=\"fade-anim\">Check our latest news<\/p><\/div>[\/vc_column_inner][\/vc_row_inner][vc_row_inner][vc_column_inner]<div class=\"flex-container response-999 top-padding-60\"><div class=\"four-columns bottom-padding-90\"><article class=\"content-right-margin-20 light-bg-2\" data-animation-container><a href=\"https:\/\/labelpub.ma\/index.php\/2020\/01\/12\/hoodie-roof-party-organic-umami-kombucha\/\" class=\"pointer-large animsition-link hover-box d-block\"><div class=\"overlay-anim-box2 overlay-dark-bg-2\" data-animation=\"overlay-anim2\">\n\t\t\t\t\t\t<img class=\"hover-img\" src=\"https:\/\/labelpub.ma\/wp-content\/uploads\/2020\/01\/bodypaint-female-girl-50595.jpg\" alt=\"Hoodie roof party organic umami kombucha\">\n\t\t\t\t\t\t<\/div><h3 class=\"title-style text-color-1 top-margin-30 blog-title content-padding-l-r-20\"><span data-animation-child class=\"overlay-anim-box2 hover-content overlay-dark-bg-2 tr-delay03\" data-animation=\"overlay-anim2\">Hoodie roof<\/span><br><span data-animation-child class=\"overlay-anim-box2 hover-content overlay-dark-bg-2 tr-delay04\" data-animation=\"overlay-anim2\">party organic<\/span><br><span data-animation-child class=\"overlay-anim-box2 hover-content overlay-dark-bg-2 tr-delay05\" data-animation=\"overlay-anim2\">umami kombucha<\/span><br><\/h3><\/a><div class=\"content-padding-bottom-20 content-padding-l-r-20\"><ul data-animation-child class=\"blog-category top-margin-30 fade-anim-box tr-delay04 text-color-2\" data-animation=\"fade-anim\"><li><i class=\"fas fa-thumbtack text-color-3\"><\/i><\/li><li class=\"p-letter-style pointer-small hover-color\"><a href=\"https:\/\/labelpub.ma\/index.php\/category\/art\/\">Art  <\/a><\/li><li class=\"p-letter-style pointer-small hover-color\"><a href=\"https:\/\/labelpub.ma\/index.php\/category\/branding\/\">Branding  <\/a><\/li><li class=\"p-letter-style pointer-small hover-color\"><a href=\"https:\/\/labelpub.ma\/index.php\/category\/illustration\/\">Illustration  <\/a><\/li><\/ul><ul data-animation-child class=\"blog-tags top-margin-10 fade-anim-box tr-delay05 text-color-2\" data-animation=\"fade-anim\"><li><i class=\"fas fa-tags text-color-3\"><\/i><\/li><li class=\"p-letter-style pointer-small hover-color\"><a href=\"https:\/\/labelpub.ma\/index.php\/tag\/post-formats\/\">post formats<\/a><\/li><li class=\"p-letter-style pointer-small hover-color\"><a href=\"https:\/\/labelpub.ma\/index.php\/tag\/tech\/\">tech<\/a><\/li><li class=\"p-letter-style pointer-small hover-color\"><a href=\"https:\/\/labelpub.ma\/index.php\/tag\/trends\/\">trends<\/a><\/li><\/ul><div data-animation-child class=\"blog-autor-date top-margin-30 fade-anim-box tr-delay06 text-color-1\" data-animation=\"fade-anim\"><a class=\"xsmall-title-oswald pointer-small hover-color\" href=\"https:\/\/labelpub.ma\/index.php\/author\/issamglobe\/\">issamglobe<\/a><a class=\"xsmall-title-oswald pointer-small hover-color\" href=\"https:\/\/labelpub.ma\/index.php\/2020\/01\/12\/hoodie-roof-party-organic-umami-kombucha\/\">12 January 2020<\/a><\/div><\/div><\/article><\/div><div class=\"four-columns bottom-padding-90\"><article class=\"content-right-margin-20 light-bg-2\" data-animation-container><a href=\"https:\/\/labelpub.ma\/index.php\/2020\/01\/12\/pok-pok-authentic-fashion-axe-vegan-venmo\/\" class=\"pointer-large animsition-link hover-box d-block\"><div class=\"overlay-anim-box2 overlay-dark-bg-2\" data-animation=\"overlay-anim2\">\n\t\t\t\t\t\t<img class=\"hover-img\" src=\"https:\/\/labelpub.ma\/wp-content\/uploads\/2020\/01\/auto-automobile-automotive-358201.jpg\" alt=\"Pok pok authentic fashion axe vegan venmo\">\n\t\t\t\t\t\t<\/div><h3 class=\"title-style text-color-1 top-margin-30 blog-title content-padding-l-r-20\"><span data-animation-child class=\"overlay-anim-box2 hover-content overlay-dark-bg-2 tr-delay03\" data-animation=\"overlay-anim2\">Pok pok authentic<\/span><br><span data-animation-child class=\"overlay-anim-box2 hover-content overlay-dark-bg-2 tr-delay04\" data-animation=\"overlay-anim2\">fashion axe<\/span><br><span data-animation-child class=\"overlay-anim-box2 hover-content overlay-dark-bg-2 tr-delay05\" data-animation=\"overlay-anim2\">vegan venmo<\/span><br><\/h3><\/a><div class=\"content-padding-bottom-20 content-padding-l-r-20\"><ul data-animation-child class=\"blog-category top-margin-30 fade-anim-box tr-delay04 text-color-2\" data-animation=\"fade-anim\"><li><i class=\"fas fa-thumbtack text-color-3\"><\/i><\/li><li class=\"p-letter-style pointer-small hover-color\"><a href=\"https:\/\/labelpub.ma\/index.php\/category\/art\/\">Art  <\/a><\/li><li class=\"p-letter-style pointer-small hover-color\"><a href=\"https:\/\/labelpub.ma\/index.php\/category\/design\/\">Design  <\/a><\/li><li class=\"p-letter-style pointer-small hover-color\"><a href=\"https:\/\/labelpub.ma\/index.php\/category\/illustration\/\">Illustration  <\/a><\/li><\/ul><ul data-animation-child class=\"blog-tags top-margin-10 fade-anim-box tr-delay05 text-color-2\" data-animation=\"fade-anim\"><li><i class=\"fas fa-tags text-color-3\"><\/i><\/li><li class=\"p-letter-style pointer-small hover-color\"><a href=\"https:\/\/labelpub.ma\/index.php\/tag\/post-formats\/\">post formats<\/a><\/li><li class=\"p-letter-style pointer-small hover-color\"><a href=\"https:\/\/labelpub.ma\/index.php\/tag\/trends\/\">trends<\/a><\/li><\/ul><div data-animation-child class=\"blog-autor-date top-margin-30 fade-anim-box tr-delay06 text-color-1\" data-animation=\"fade-anim\"><a class=\"xsmall-title-oswald pointer-small hover-color\" href=\"https:\/\/labelpub.ma\/index.php\/author\/issamglobe\/\">issamglobe<\/a><a class=\"xsmall-title-oswald pointer-small hover-color\" href=\"https:\/\/labelpub.ma\/index.php\/2020\/01\/12\/pok-pok-authentic-fashion-axe-vegan-venmo\/\">12 January 2020<\/a><\/div><\/div><\/article><\/div><\/div>[\/vc_column_inner][\/vc_row_inner][\/vc_column][\/vc_row]\n<\/section>","protected":false},"excerpt":{"rendered":"<p>[vc_row enable_container=&#8221;st2&#8243; enable_full_height_sec=&#8221;st2&#8243; section_back_opt=&#8221;dark-bg-1&#8243; sec_text_color_opt=&#8221;text-color-5&#8243;][vc_column][vc_row_inner][vc_column_inner][wr_vc_titles title_style=&#8221;large-title&#8221; padding_bottom=&#8221;bottom-padding-0&#8243;][wr_vc_title title=&#8221;Who are our&#8221; animation_delay=&#8221;01&#8243;][wr_vc_title title=&#8221;customers&#8221; animation_delay=&#8221;02&#8243;][\/wr_vc_titles][\/vc_column_inner][\/vc_row_inner][vc_row_inner][vc_column_inner css=&#8221;.vc_custom_1696816494915{margin-top: 50px !important;}&#8221;][\/vc_column_inner][\/vc_row_inner][vc_row_inner][vc_column_inner width=&#8221;1\/3&#8243;][\/vc_column_inner][vc_column_inner width=&#8221;1\/3&#8243;][\/vc_column_inner][vc_column_inner width=&#8221;1\/3&#8243;][\/vc_column_inner][\/vc_row_inner][vc_row_inner disable_element=&#8221;yes&#8221;][vc_column_inner][\/vc_column_inner][\/vc_row_inner][\/vc_column][\/vc_row][vc_row enable_container=&#8221;st3&#8243; menu_logo_opt=&#8221;st2&#8243;&#8230;<\/p>\n","protected":false},"author":1,"featured_media":1085,"parent":0,"menu_order":0,"comment_status":"closed","ping_status":"closed","template":"","meta":{"footnotes":""},"_links":{"self":[{"href":"https:\/\/labelpub.ma\/index.php\/wp-json\/wp\/v2\/pages\/467"}],"collection":[{"href":"https:\/\/labelpub.ma\/index.php\/wp-json\/wp\/v2\/pages"}],"about":[{"href":"https:\/\/labelpub.ma\/index.php\/wp-json\/wp\/v2\/types\/page"}],"author":[{"embeddable":true,"href":"https:\/\/labelpub.ma\/index.php\/wp-json\/wp\/v2\/users\/1"}],"replies":[{"embeddable":true,"href":"https:\/\/labelpub.ma\/index.php\/wp-json\/wp\/v2\/comments?post=467"}],"version-history":[{"count":25,"href":"https:\/\/labelpub.ma\/index.php\/wp-json\/wp\/v2\/pages\/467\/revisions"}],"predecessor-version":[{"id":899,"href":"https:\/\/labelpub.ma\/index.php\/wp-json\/wp\/v2\/pages\/467\/revisions\/899"}],"wp:featuredmedia":[{"embeddable":true,"href":"https:\/\/labelpub.ma\/index.php\/wp-json\/wp\/v2\/media\/1085"}],"wp:attachment":[{"href":"https:\/\/labelpub.ma\/index.php\/wp-json\/wp\/v2\/media?parent=467"}],"curies":[{"name":"wp","href":"https:\/\/api.w.org\/{rel}","templated":true}]}}